n factor of 49987 and 14.
7
Calculate the highest common factor of 1456 and 143.
13
Calculate the greatest common divisor of 25260 and 78.
6
Calculate the greatest common divisor of 35236 and 368.
92
Calculate the highest common factor of 2305 and 24329275.
2305
Calculate the greatest common factor of 738 and 524554.
82
What is the highest common factor of 3954 and 54?
6
What is the greatest common divisor of 41016 and 72?
24
What is the highest common factor of 674 and 401704?
674
Calculate the highest common factor of 6382169 and 523.
523
What is the highest common divisor of 386465 and 5?
5
What is the highest common divisor of 2516220 and 315?
315
What is the highest common factor of 718064 and 16?
16
Calculate the highest common divisor of 148427 and 102.
17
Calculate the greatest common factor of 26 and 190112.
26
Calculate the greatest common factor of 236752 and 96.
16
What is the greatest common divisor of 42 and 2898399?
21
What is the highest common factor of 1776 and 99234?
222
What is the highest common divisor of 1013293 and 1623?
541
Calculate the highest common factor of 145026 and 28.
14
What is the highest common factor of 65 and 293371?
13
Calculate the highest common divisor of 846 and 204450.
282
Calculate the greatest common factor of 154504 and 21328.
248
Calculate the highest common divisor of 87009 and 43953.
897
Calculate the highest common divisor of 216 and 464589.
27
What is the greatest common divisor of 675 and 163425?
75
What is the greatest common factor of 64807 and 1132?
283
What is the highest common factor of 17135 and 8165?
115
Calculate the highest common divisor of 25 and 647825.
25
Calculate the greatest common divisor of 10 and 1528410.
10
Calculate the highest common divisor of 1040 and 57395.
65
Calculate the greatest common divisor of 120 and 591.
3
What is the greatest common divisor of 660 and 357610?
110
Calculate the highest common divisor of 45824 and 289980.
716
Calculate the highest common divisor of 1588892 and 8.
4
Calculate the greatest common factor of 33168 and 300.
12
What is the highest common factor of 182 and 345891?
91
Calculate the highest common factor of 1578832 and 1212.
404
Calculate the highest common factor of 44 and 3194686.
22
Calculate the greatest common divisor of 77478 and 703.
37
Calculate the greatest common factor of 1220 and 395.
5
What is the highest common factor of 8505 and 455?
35
Calculate the greatest common divisor of 439810 and 70.
70
What is the highest common divisor of 40 and 1000?
40
Calculate the greatest common divisor of 16188 and 2844.
12
What is the greatest common factor of 108149 and 166?
83
Calculate the highest common divisor of 26 and 1437449.
13
What is the highest common factor of 6300 and 2772?
252
What is the highest common factor of 145 and 285795?
145
Calculate the greatest common divisor of 154789 and 4.
1
What is the highest common divisor of 7188052 and 344?
172
Calculate the greatest common factor of 166 and 23987.
83
Calculate the greatest common factor of 1336 and 728.
8
Calculate the highest common factor of 486469 and 103.
103
Calculate the greatest common divisor of 565 and 343181.
113
What is the highest common factor of 26359 and 136699?
613
Calculate the greatest common factor of 1372 and 292.
4
Calculate the highest common divisor of 3199 and 8939.
7
Calculate the highest common divisor of 176 and 256.
16
Calculate the greatest common factor of 1860 and 66216.
372
What is the highest common divisor of 7626 and 246?
246
What is the greatest common divisor of 216 and 760860?
108
Calculate the greatest common divisor of 2034 and 807724.
226
Calculate the highest common factor of 1368446 and 236.
118
Calculate the highest common divisor of 32606 and 5117.
119
What is the highest common factor of 67639 and 80883?
473
Calculate the highest common factor of 99 and 223894.
11
Calculate the greatest common divisor of 26708982 and 1542.
1542
Calculate the greatest common factor of 144 and 95568.
48
Calculate the highest common factor of 226329 and 444.
111
What is the greatest common factor of 119 and 25869529?
119
What is the highest common factor of 1464 and 61000?
488
Calculate the highest common divisor of 2397 and 10575.
141
Calculate the highest common divisor of 321 and 1883949.
321
Calculate the greatest common factor of 66840 and 41280.
120
What is the greatest common divisor of 72 and 3669372?
36
Calculate the greatest common factor of 35 and 403165.
35
What is the greatest common factor of 1768640 and 32?
32
What is the greatest common factor of 1169 and 28273?
7
What is the greatest common divisor of 49457 and 137?
137
Calculate the highest common factor of 570032 and 1472.
368
Calculate the greatest common factor of 6039250 and 595.
595
Calculate the highest common divisor of 280 and 4535.
5
What is the highest common factor of 155136 and 3939?
303
What is the highest common factor of 64 and 22336?
64
Calculate the highest common factor of 33 and 27078.
3
Calculate the highest common factor of 4510 and 60926.
82
What is the highest common factor of 581976 and 6?
6
What is the highest common divisor of 1750 and 11380?
10
What is the highest common factor of 10696326 and 246?
246
What is the greatest common divisor of 498811 and 47?
47
What is the greatest common divisor of 1484 and 3934?
14
Calculate the highest common divisor of 410080 and 3168.
352
What is the highest common factor of 29289 and 78?
39
Calculate the highest common divisor of 113 and 188371.
113
Calculate the highest common factor of 12570 and 120.
30
Calculate the highest common divisor of 342551 and 1043.
149
Calculate the greatest common factor of 6806 and 25564.
166
What is the greatest common divisor of 1837 and 88?
11
What is the highest common factor of 90 and 244090?
10
Calculate the greatest common factor of 1560 and 503724.
156
What is the highest common factor of 388960 and 10?
10
What is the highest common factor of 172 and 106898?
86
What is the highest common factor of 87 and 48256?
29
Calculate the greatest common divisor of 1564 and 8908.
68
What is the highest common divisor of 85092 and 357?
21
Calculate the highest common factor of 136763 and 33.
11
What is the greatest common factor of 736 and 20296?
8
What is the greatest common divisor of 1337 and 112117?
191
Calculate the highest common divisor of 834073 and 1757.
251
What is the highest common divisor of 81 and 164943?
27
What is the highest common divisor of 30591 and 412?
103
What is the highest common divisor of 62 and 144026?
62
Calculate the greatest common factor of 10935 and 60.
15
What is the greatest common divisor of 19026 and 1008?
126
What is the highest common factor of 2666 and 28982?
86
What is the highest common factor of 91120 and 816?
272
Calculate the highest common divisor of 318 and 35086.
106
Calculate the greatest common divisor of 12998 and 7178.
194
What is the greatest common divisor of 41195 and 7315?
385
Calculate the greatest common factor of 227174 and 388.
194
Calculate the greatest common factor of 1736 and 5376.
56
Calculate the highest common divisor of 1310 and 855430.
1310
What is the greatest common factor of 209 and 869?
11
Calculate the greatest common factor of 51475 and 87725.
725
What is the highest common divisor of 33233 and 796?
199
What is the highest common divisor of 119 and 168317?
17
What is the highest common factor of 26580 and 12?
12
Calculate the highest common factor of 1755 and 5421.
39
What is the highest common factor of 13689 and 145719?
81
Calculate the highest common divisor of 15389 and 10153.
11
What is the highest common factor of 10203 and 399?
57
Calculate the highest common divisor of 175 and 4907.
7
Calculate the highest common factor of 1209 and 325.
13
Calculate the highest common factor of 408 and 4063.
17
What is the highest common divisor of 572 and 356444?
44
What is the highest common factor of 9348 and 7298?
82
What is the highest common factor of 130 and 1144?
26
What is the highest common factor of 4331 and 2623?
61
What is the highest common factor of 381792 and 2460?
492
What is the greatest common divisor of 239668 and 154?
22
Calculate the greatest common divisor of 23040 and 880.
80
Calculate the 